 - 50. List the prime factors of f(k).
2, 13
Let g = 85 - 82. Suppose 2*f - g = -3*s - 8, 0 = -3*f - 4*s - 6. Suppose f*a + 646 = -3*u + 6*u, 888 = 4*u + 4*a. What are the prime factors of u?
2, 109
Let i be ((14/(-10))/(-1))/(3/15). Suppose -25*q + 22880 = i*q. List the prime factors of q.
5, 11, 13
Let k = 10951 + 2111. What are the prime factors of k?
2, 3, 7, 311
Let s = 4606 - 2729. Suppose -13*x = -2868 - s. List the prime factors of x.
5, 73
Suppose -249 = -17*b + 14*b. Suppose 71*s - b*s = -6708. What are the prime factors of s?
13, 43
Let s = 75 + -62. Suppose s*j - 910 = 6*j. Let o = -117 + j. List the prime factors of o.
13
Suppose 2*y = 7*r - 12*r + 38, -5*r - 5*y + 35 = 0. Suppose -r*q + 2311 = -1641. List the prime factors of q.
2, 13, 19
Let p(x) = -2 + 2*x**2 + 33*x - 24*x - 172 - 19*x. What are the prime factors of p(30)?
2, 3, 13, 17
Let b be (-85)/(-25) + -4 - 159/(-15). Let m(w) = -w**3 + 16*w**2 - 21*w + 3. What are the prime factors of m(b)?
3, 131
Suppose 483*t = 485*t - h - 55581, 2*h - 83382 = -3*t. What are the prime factors of t?
2, 3, 193
Suppose 13*x - 23*x = -13*x + 66678. What are the prime factors of x?
2, 11113
Let v(j) = -6*j - 23. Let r be v(-3). What are the prime factors of 3 + 352 + r/(-1)?
2, 3, 5
Suppose -5*v = 3*q + 2*q + 165, 3*v = 2*q + 71. Let l be -3 - (-1)/1 - q. Let c = l - -33. List the prime factors of c.
5, 13
Let m(l) = -6*l**3 - 15*l**2 + 37*l + 13. List the prime factors of m(-15).
16333
Suppose 0 = -10*g + 19*g - 0*g - 323892. What are the prime factors of g?
2, 3, 2999
Suppose -2 = -2*i - 3*j, -3*i - 2*j + 2 = -2*i. List the prime factors of 2/3*i*-3*11.
2, 11
Let t be (-19)/(-4) - 3/4. Suppose -2*a = -4*g + 8, -4 = t*a - a - 4*g. Suppose 0 = -7*c + a*c + 126. List the prime factors of c.
2, 3, 7
Suppose -4*w + 44 = 4*v, 2*v + 4*w + 31 = 3*v. List the prime factors of (-20)/3 + 25/v - -74.
3, 23
Suppose -2*j + z = -4377, 4*j - 37*z - 8789 = -42*z. What are the prime factors of j?
7, 313
Let i(v) = 9*v**3 - 12*v**2 - 36*v + 4. Let l(r) = -8*r**3 + 10*r**2 + 35*r - 3. Let n(s) = 5*i(s) + 6*l(s). What are the prime factors of n(-7)?
821
Let d = -60915 + 126622. List the prime factors of d.
65707
What are the prime factors of 50/45 + 0 - (-655592)/36?
2, 29, 157
Let h = 946 + 7004. List the prime factors of h.
2, 3, 5, 53
Let s(o) be the third derivative of o**5/60 - o**4/8 + o**3/3 - 3*o**2. Let c be s(1). Suppose c = t - 60 - 46. What are the prime factors of t?
2, 53
List the prime factors of 2271*(-40)/36*2760/(-100) + -2.
2, 3, 53, 73
Let d be (-2)/3*7/(42/(-279)). Suppose d*g - 33749 = 13185. List the prime factors of g.
2, 757
Suppose 38*x + 24079 - 1038584 = 774383. List the prime factors of x.
2, 3, 3923
Let g = 16 - 11. Suppose g*s = -5*s. Suppose 0*r + 5*r - 165 = s. What are the prime factors of r?
3, 11
Let k(m) = -8311*m + 6029. List the prime factors of k(-6).
5, 7, 1597
Let m(t) = 14*t**2 + 314*t - 172. What are the prime factors of m(-44)?
2, 3, 1093
Suppose 20*y - 146090 = 33*y - 27*y. List the prime factors of y.
5, 2087
Let m(z) = z**2 + 17*z + 85. Let c = 550 - 534. List the prime factors of m(c).
613
Suppose 2*n - 71 = 3*v + 2*v, 4*n = 12. Let m(w) = -26*w + 69. Let y(g) = -9*g + 23. Let h(f) = -3*m(f) + 10*y(f). What are the prime factors of h(v)?
179
List the prime factors of -4*(7 + (-6930)/20).
2, 7, 97
Let u be (-2)/8 + (-68)/(-16). Suppose -o = -3*b - 81, -u*o + 37 = -b - 320. Let j = 260 - o. List the prime factors of j.
2, 5, 17
Let t(r) = -4*r**3 - 3*r**2 - 3*r - 4. Let l(v) = -29*v**2 - 6*v - 1. Let u be l(-1). Let o = -26 - u. List the prime factors of t(o).
2, 11
Suppose -2*k + k - 3*f + 4007 = 0, -2*f + 16018 = 4*k. Suppose 19*z - k = 8*z. List the prime factors of z.
2, 7, 13
Suppose 3*v - 2 = 2*o, -5*v = 2*o + 4 - 2. Suppose 2*t + 3*p - 679 = v, 0 = -2*t - 0*t + 4*p + 700. What are the prime factors of t?
2, 43
Let v(n) = 82*n**3 - n**2 + 119*n - 521. List the prime factors of v(6).
107, 167
List the prime factors of (4 + (-22821)/12)/(2/(-8)).
7591
Suppose -2*a + 44 = -0*c - c, -2*c + 3*a = 88. Let i = c + 155. What are the prime factors of i?
3, 37
Suppose 0 = 5*m + 9 - 24. Suppose 10*t - m*t = 5166. List the prime factors of t.
2, 3, 41
Let q(c) = 7*c**2 + 6*c + 1. Suppose 0 = 6*u + 976 - 148. Let s be u/24 - 6/(-8). What are the prime factors of q(s)?
2, 73
Suppose -13*t + 1180 = -3*t. Let y be (-4 - -1 - -6) + t. Suppose 6*b = 59 + y. What are the prime factors of b?
2, 3, 5
Let z be (2/4)/((-4)/(-40)). Suppose -5*l - z*c + 5964 + 1971 = 0, 5*c + 10 = 0. What are the prime factors of l?
7, 227
Let s(d) be the second derivative of 3*d**4 - d**3/2 - 3*d**2/2 + 120*d. List the prime factors of s(-2).
3, 7
Suppose f + 4*s - 196 - 83 = 0, -3*s = f - 277. List the prime factors of f + -5*18/30.
2, 67
Let z be 8 - 5 - (-1 - -5 - 6). Let b(r) = 4*r**3 - 2*r**2 - 2*r + 10. What are the prime factors of b(z)?
2, 3, 5
Suppose -21488 + 4706 = -2*v. What are the prime factors of v?
3, 2797
Suppose 56*u - 749840 = 28*u. What are the prime factors of u?
2, 5, 13, 103
Suppose -d - 182283 = -23*o - 4*d, 2*d = 4*o - 31714. List the prime factors of o.
2, 3, 1321
Suppose 27*j - 168*j = -827247. List the prime factors of j.
5867
Suppose 5*f = 250*b - 252*b + 21957, 22002 = 2*b - 4*f. List the prime factors of b.
29, 379
Suppose -3*a - 4*i = -259460, 45*a - 46*a = -4*i - 86460. List the prime factors of a.
2, 5, 23, 47
Suppose 3*u + 0*u + 2*x = -69, -2*u - 2*x = 48. Let q = u + 8. Let t(i) = -5*i - 19. List the prime factors of t(q).
2, 23
Let g(z) = -z**3 + 23*z**2 + 51*z + 9. Let y be g(23). Let o = 1826 - y. List the prime factors of o.
2, 7, 23
Let l = -636 + 924. Suppose -l = -x - 2*x. What are the prime factors of ((-48)/9)/(x/(-45) - -2)?
2, 5
Suppose 6*n - n - 2*d - 3195 = 0, 0 = -n - 4*d + 661. Let w = n + -280. What are the prime factors of w?
19
Let k(c) = -c**2 - 12*c + 38. Let y(f) = -f**3 - 8*f**2 - f + 3. Let z be y(-8). Suppose z*s = 7*s - 36. What are the prime factors of k(s)?
5, 13
Suppose 0 = y + 2*v - 853, -6*y - 1722 = -8*y + 4*v. What are the prime factors of y?
857
Suppose 0 = q - 2*y + 1, 2*y + 44 = -4*q. Suppose 3*x + 15 = 0, -r + 5*r + 64 = 4*x. List the prime factors of (3 - r/q) + 280/3.
2, 47
Let g be ((-57)/38)/(9/12). List the prime factors of (-16)/12 + g/((-6)/1645).
547
Suppose -5*a + 5*k = -40, k - 17 - 30 = -4*a. Let f(l) = a*l + 7*l + l + 10 - 3*l. List the prime factors of f(8).
2, 3, 23
Suppose -g + 23809 = -440*h + 442*h, 0 = -3*h + 2*g + 35710. What are the prime factors of h?
2, 3, 31
List the prime factors of 12406 + (17 - (12 - -15)).
2, 3, 1033
Suppose -5636 - 6061 = -7*h. Let c = h - -213. What are the prime factors of c?
2, 3, 157
Let u(x) = -x**3 + 18*x**2 + 4*x - 69. Let k be u(18). Suppose -5*b = h - 121, 3*h - 381 = 6*b - k*b. What are the prime factors of h?
2, 3, 7
Let p(t) = -t**3 - 5*t**2 - 30*t + 128. What are the prime factors of p(-23)?
2, 5, 11, 47
Let l = -49 + 34. Let i(w) = -9*w - 43. What are the prime factors of i(l)?
2, 23
Let o be 16/40 - (-18)/(-45). Suppose -r - 6*r + 1533 = o. List the prime factors of r.
3, 73
Let f be (24/(-4) - -11)*2122/5. Suppose 6*y - 9*y - 2*v + f = 0, -v - 4 = 0. What are the prime factors of y?
2, 5, 71
Let j(n) = -5 - 26 + 23*n + 234*n**2 - 232*n**2. Let y be j(-13). Let k(w) = w**2 + 6*w + 10. What are the prime factors of k(y)?
2, 61
Suppose 4*w - 45552 = -4*x + 105844, -3*x + 113577 = -2*w. What are the prime factors of x?
5, 67, 113
Suppose -4*f + 118 + 998 = 0. Let m = f - 147. Suppose 2*s - 4*s + m = 0. List the prime factors of s.
2, 3, 11
Let o = 6067 + -4003. Suppose 7594 = 5*u + o. What are the prime factors of u?
2, 7, 79
Suppose 2*d - 121 = -5*u, 5*d + 3*u + 0*u = 312. Let a = d - 59. Let j(o) = 3*o**3 + o**2 - 10*o + 3. What are the prime factors of j(a)?
3, 19
Let i(c) = -2*c**2 + 6*c - 9. Let p be i(-5). Let q = 55 + p. Let z = q - -82. List the prime factors of z.
2, 3
Let k = -48584 - -69504. List the prime factors of k.
2, 5, 523
Let d = -4364 + 10181. What are the prime factors of d?
3, 7, 277
Let k(l) = -l**3 - 91*l**2 + 196*l - 192. What are the prime factors of k(-94)?
2, 1973
Suppose 3*n + 2*n - 25 = 0. Suppose 4*l - 2*s = 3390, -n*s + 0 = 5. List th